 -1 - o**2 - f - 152*o + 163*o. Let l be b(10). Let m(s) = 3*s. What is m(l)?
3
Suppose -2*j = 4*t + t + 4, 0 = 3*t - 4*j + 18. Let y(u) = -2*u**3 - u**2 + u - 2. What is y(t)?
8
Suppose -27 = 3*q - 3*x, 24*x = -5*q + 21*x - 37. Let c(j) = -j**3 - 7*j**2 + 12*j + 12. Determine c(q).
-20
Let t be 160/24*(-27)/(-15). Let z(a) = a**3 - 11*a**2 - 12*a + 7. Give z(t).
7
Let h(g) = -2*g - 2*g + 3*g - 1 + 2*g. Let b(q) = 7*q**2 + 2*q + 1. Let v be b(-1). What is h(v)?
5
Suppose 3*y - 4*y + 32 = 0. Suppose -4 = -6*p + y. Let k(x) = 3*x + 3*x + 3 - 3*x - 4*x. Give k(p).
-3
Let g(v) = v**2 - 12*v - 5. Let o(u) = -u**2 + 11*u + 5. Let s = -6 - 0. Let q(z) = s*g(z) - 7*o(z). Let n be 3 - ((-32)/(-4) - 10). Give q(n).
-5
Let v(j) = -j. Let p(x) = -x**3 - 6*x**2 + 11*x + 3. Suppose 15 - 3 = 3*l. Let t(z) = l*v(z) + p(z). Determine t(-7).
3
Let i = 23 + -15. Let b be (-2)/i + 264/32. Let n(s) = 2*s - 12. What is n(b)?
4
Let i be 30/9 + 5/(-15). Suppose i - 13 = -5*a. Let u(w) = 4*w**a + w**2 - 2*w**2 - w**3 + 3 + 2*w. Determine u(3).
9
Let n(x) = -x**2 + 10*x - 9. Suppose 0 = 4*q + 8, 2*g + 36*q - 24 = 40*q. Calculate n(g).
7
Let j be (-9)/6*4/6. Let g(b) = -7*b + 19 + b + 11 - 31. Let s(k) = -7*k - 2. Let a(x) = 3*g(x) - 2*s(x). Determine a(j).
5
Let u(j) be the first derivative of -1/4*j**4 + 8*j - 7/3*j**3 - 2*j**2 + 9. What is u(-6)?
-4
Let q(t) = 18*t. Suppose -2*f = 82 - 78. Calculate q(f).
-36
Let r(d) = -10 + 1 + 2*d - d + 6 - 3. Give r(6).
0
Suppose 8 = -3*u + 5*u. Suppose 0*y = -u*y + 20. Let m = y - 10. Let h(x) = x**3 + 6*x**2 + 5*x - 2. Determine h(m).
-2
Let z(c) = -c**3 - c**2 + c + 12. Let y(i) = -i**2 + 9*i + 10. Let u = -40 + 50. Let j be y(u). Calculate z(j).
12
Let u(t) = -22*t**2 - 7*t**3 - 2*t + 32*t**2 + 13*t**3 + 6 - 5*t**3. What is u(-10)?
26
Let s(n) = n**2 + 4*n + 1. Let c(u) = 4*u**2 + 36*u + 36. Let b(z) = -c(z) + 5*s(z). Determine b(18).
5
Let g be (-5)/(225/10) + (-43)/9. Let d be (66/15 - 4)/(1/g). Let i(x) = 2*x**2 + 3*x + 3. What is i(d)?
5
Let d(a) = a - 1. Let w be 2 - 4/12*30. Calculate d(w).
-9
Let g(x) = x**2 + 6*x - 22. Let r be g(-9). Let l(m) = 11*m**2 + r*m**2 - 6*m**2. Let b be (-3 - -5)/(0 - -2). What is l(b)?
10
Suppose 0*q = 2*q. Let r = 15 - 13. Let i(w) = -40 + 22 + 15 - w**r. Give i(q).
-3
Let w be 0 - (4/20)/(2/10). Let u(g) = -g - 11. Let l(y) = -1. Let t(r) = w*u(r) + 5*l(r). What is t(-3)?
3
Let r(t) = t - 1. Suppose -3*v = -8*y + 5*y - 6, -2*v = y + 8. Determine r(v).
-3
Let m(z) = -2*z + 6 - 5*z + 4*z**2 + 3*z - 5*z**2. Calculate m(-7).
-15
Let u = 112 - 126. Let f(o) = o**3 + 13*o**2 - 13*o + 13. Give f(u).
-1
Let d(v) = -2*v**2 + 3*v + 3. Let a = 4 + -16. Let y be ((-28)/a)/((-2)/(-6)). Let t = 10 - y. Give d(t).
-6
Let q(n) be the first derivative of n + 25. Let f(k) = -k**3 + 1. Let l(u) = -7*f(u) + 6*q(u). Give l(1).
6
Let g(y) = y**2 + 7*y - 15*y + 11*y. Let f be -12*(34/(-6) + 3). Let a be (0 + -1)/(8/f). Calculate g(a).
4
Suppose 4*m + 4*m = -5*m. Suppose h + 3*y - 15 = m, -13 = 2*h - 5*h - y. Let l(p) = -p**3 + p**2 + 2. Determine l(h).
-16
Let l(p) = p**3 + p**2 + 4. Let s be (0 + 8)*6/(-4). Let g be (0/s)/(0 - 1). What is l(g)?
4
Let l(u) = 4*u - 15. Let x be l(5). Suppose 11 = 2*z - x*r, 0*r = -3*z + 2*r + 11. Let g(s) = s - 1. Determine g(z).
2
Let m(i) = -i**2 - 8 + 7*i - 2*i + 3*i - 7*i + 8*i. Give m(4).
12
Let w(d) be the second derivative of 5/12*d**4 + 1/360*d**6 + 0 + 1/120*d**5 + 0*d**3 - 8*d + 0*d**2. Let v(j) be the third derivative of w(j). Give v(-2).
-3
Let h(o) = 9*o - 1. Let a = -263 - -265. Determine h(a).
17
Let q(d) = -d**3 - 6*d**2 + 7*d - 6. Let t be (-188)/28 + 23/(-7) + 3. Give q(t).
-6
Let d(b) = 6*b - 7. Let f(a) = -a + 1. Let i(u) = -d(u) - 3*f(u). What is i(7)?
-17
Let v be (-52)/(-16) - (-2)/(-8). Let w(c) = c. Let s be w(6). Let p(h) = -v*h + h - 3*h + s - h + h**2. Calculate p(6).
6
Let x(n) = 406*n - 138*n - 3 - 135*n - 145*n. What is x(5)?
-63
Let s(f) = f + 7. Let k be s(-2). Let j(a) = a + a - 4*a + a - 6. Calculate j(k).
-11
Let p(u) = u. Let m(b) = 8*b - 1. Let k(n) = -m(n) + 6*p(n). Let c be (4 + 2)*-1*(-14)/(-28). Give k(c).
7
Suppose -7*j + 2 = -6*j. Suppose -j = -2*k + 4. Let m(c) = -2*c - 3. Let o(a) = -a - 2. Let z(t) = -4*m(t) + 6*o(t). Determine z(k).
6
Let o(n) = 7*n + 3. Let x(h) = 10*h + 5. Let z(y) = -8*o(y) + 5*x(y). Give z(-1).
7
Let l(a) = a**3 - a**2 + a - 23. Suppose 36*t = 41*t. Determine l(t).
-23
Let w(g) = -5 + 3*g - 2*g**3 + 3 + 3*g**3 + 4*g**2. Let t be (-4 - -4)/(-2)*-1. Suppose 11*o - 3*o + 24 = t. Give w(o).
-2
Let d = 204 - 199. Let a(l) = l**2 - 6*l - 3. What is a(d)?
-8
Let h(c) = -22*c**3 + 5*c**2 + 15*c - 2. Let n(f) = 12*f**3 - 2*f**2 - 6*f + 1. Let b(g) = -2*h(g) - 5*n(g). What is b(-1)?
15
Let f(z) = -3 - 2*z**2 - 4*z - 2*z**2 + 2*z**2. Suppose 156*y - 5 = 161*y + 5*a, -4*y - 14 = -a. What is f(y)?
-9
Suppose 2*d - 3 = 15. Suppose -d = -13*x + 16*x. Let s = x - 3. Let r(k) = 2*k + 2. Give r(s).
-10
Suppose -4*o + 24 = 2*i, -i - 3*i + 16 = 4*o. Let j(w) = 3*w**3 - 279 + 284 - 4*w**3 + o*w**2 - w - 6*w. Let h(v) = 2*v - 5. Let f be h(6). Calculate j(f).
5
Let a(n) = 4*n**2 - 2*n. Let i(c) = -c**3 + c + 1. Let y(f) = -a(f) - i(f). Let j = -6 + 9. Calculate y(j).
-7
Let i(g) = 10*g - 5. Suppose -123 = 4*j - 131. Calculate i(j).
15
Let j = 4 + -6. Let w be 0 + j*(-3)/(-2). Let s(k) be the first derivative of -k**3/3 - 3*k**2 - k + 1. Calculate s(w).
8
Let v(p) = 2*p + 6. Let d = -97 - -91. What is v(d)?
-6
Let q(a) = -7*a**3 - 1 - 24*a**3 - 4*a + 78*a**3 + 2*a - 27*a**3. Give q(-1).
-19
Let i(j) = 4 + 44*j - 80*j + 29*j - 8*j**2 + j**3. Give i(9).
22
Let d(p) = p + 1. Let v be (4/6*(-24)/(-16))/1. Calculate d(v).
2
Let x = -1 + -3. Let o(i) = 4*i - 3. Let t(h) = 1 + 1 + 4 - 9*h. Let n(g) = 5*o(g) + 2*t(g). Calculate n(x).
-11
Let t(z) = -z**2 - 3*z - 3. Let r = 346 - 348. Determine t(r).
-1
Let h(f) = -2*f - 8. Let j(p) = -p - 8. Let a(c) = -2*h(c) + 3*j(c). Let d be a(10). Let n(k) = -4*k**2 + 0*k**d + 5*k**2 - 3 + 3*k + 0*k**2. Calculate n(-5).
7
Suppose 0 = -0*d + 4*d - 8. Let v(z) = d*z + 1 + 2 - 4. Determine v(-5).
-11
Suppose -3 = 4*r - v - 62, 5*v + 7 = 2*r. Let k(a) = -a - 6*a**2 - 8*a**2 + r*a**2. Let u = -1 + 3. Give k(u).
6
Let r(k) = -k**3 - 8*k**2 - 8*k - 8. Let v be (-5)/15*5*90/25. Determine r(v).
-32
Let m(b) = 9*b**2 - 4*b + 2. Let u be m(1). Let c(h) = -3*h + 15. Let z(t) = 4*t - 23. Let x(d) = u*c(d) + 5*z(d). Give x(0).
-10
Let w = 20 - 19. Let c(x) = -2*x + x + x + 2*x + w. Calculate c(-2).
-3
Suppose 0 = 10*v - 2*v + 40. Let c(k) be the third derivative of k**7/5040 + k**6/90 + k**5/30 - k**2. Let z(i) be the third derivative of c(i). Give z(v).
3
Let d be 1 + -1*2*2. Let r(p) be the second derivative of p**2/2 + 16*p. Let s(q) = q**2 + 5*q + 2. Let v(m) = 2*r(m) + s(m). Calculate v(d).
-2
Let d(j) = -8*j**3 - j - 4*j - 5 + 8*j**2 + 7*j**3. Let o be (-5)/(-25) - (-68)/10. What is d(o)?
9
Let y be (-2)/16 - 2247/(-56). Let b = y + -37. Let i(f) = -f**2 + 3. What is i(b)?
-6
Let j(h) be the third derivative of 7*h**4/24 + h**3/3 + 44*h**2. Determine j(-4).
-26
Let m = 44 - 46. Suppose t + 0*t - 2 = 0. Let b(p) = -3*p - t - 4 + 3 - p**2. What is b(m)?
-1
Suppose 5*k = 3*n - 42, 8*k + 4*n + 8 = 4*k. Let t(p) = p**3 + 6*p**2 - 3*p - 5. Calculate t(k).
13
Let q(s) be the third derivative of s**5/60 + s**4/12 - 4*s**3 + 3*s**2 + 2. Let v(w) be the first derivative of q(w). Determine v(-2).
-2
Let g(j) = 4*j**3 + j**2 - 2*j + 1. Let o = 10 + -9. Suppose 0 = -8*v + 10*v + 6. Let b be -1*o/v*3. What is g(b)?
4
Suppose 4*n + 4*m - 3 = -m, -5*n + 7 = 3*m. Suppose -5*z + n*z - 5*c + 14 = 0, -4*z = -2*c - 36. Let a(g) = -g**2 - g - 4*g + z*g - 2. Calculate a(4).
-6
Let c(g) = g - 7. Suppose 3*t - 36 = q, 2*q - 36 = -3*t + q. Give c(t).
5
Let z(c) be the first derivative of -c**2/2 - 4*c - 4. Let p(r) be the first derivative of 3*r**4/2 + r**3/3 - r**2/2 - r + 1. Let w be p(-1). Calculate z(w).
1
Let o(n) = n**2 - 3*n - 135. Let f be o(-10). Let m(g) = -g**3 - 5*g**2 + 3*g + 7. Determine m(f).
-8
Let v(x) = x**2 + 21*x - 46. Let b be v(-23). Suppose -5*o - 11 - 24 = b. Let a(h) = h**2 + 6*h + 4. Determine a(o).
11
Let x(k) = -k**3 + 9*k**2 - 5*k. Let c(l) = l**3 - 8*l**2 + 4*l. Let i(y) = 5*c(y) + 4*x(y). Give i(4).
